nits digit of a?
9
Suppose -5*w + 4*c = c + 24, 4*w + 21 = 3*c. What is the units digit of (-2)/w - (1612/(-12) - 6)?
1
Suppose -22*q - 2684 = -9746. What is the hundreds digit of q?
3
What is the units digit of (-90)/(-12)*(584/(-3))/(-2)?
0
Let o be (-25)/(2 - -3) + 5. Let b = 47 + o. What is the tens digit of b?
4
Let s = 30 - 22. Suppose 3*x - s = 7*x. What is the units digit of (x/(2/3))/(-1)?
3
Suppose 0 = 3*n + 2*n + 15. Let f(o) = -13*o - 10. What is the units digit of f(n)?
9
Suppose 6 - 11 = -5*s. Suppose -205 = -2*t + s. What is the units digit of t?
3
Let s(z) = 3*z**3 + 5*z - 132 + 130 + 4*z**2 - 4*z**3. What is the tens digit of s(4)?
1
Suppose 0 = -c + 8*c + 35. What is the tens digit of 45 - (-4 - c - 4)?
4
Let t = 9417 - 5503. What is the tens digit of t?
1
What is the units digit of (1280 - -1) + 54 + -61?
4
Let m = 43 + -52. Let u = m - -23. What is the units digit of u?
4
Suppose -3*p = -6*p + 6. Let f(t) = 0 + 2*t**2 - t**2 + p + 9*t - 2*t**2. What is the units digit of f(5)?
2
Let h be 6 + (-3 - (-12)/3). Let a(q) = 2*q - 9. Let k be a(h). Suppose t + 76 = k*t. What is the tens digit of t?
1
Let o(l) = l**2 - 19*l + 194. Let y be o(0). Suppose -222 = -m - 2*m. Suppose -m = 4*f - y. What is the tens digit of f?
3
Let c(a) = 33*a**2 + 26*a + 178. What is the hundreds digit of c(-6)?
2
Suppose 0 = 4*g + 16 - 36. Suppose -2*u = 2*a - 7*u, g*a = -3*u. Suppose -3*s = a, 0 = -h + 2*s - 4*s + 27. What is the tens digit of h?
2
Suppose 3*j - 9 = -3*t + 2*j, -3*j = -5*t + 15. Suppose -77 = -2*u + 5*q, u - t*q = -6*q + 33. What is the tens digit of u?
3
Let m = -557 - -313. Let d = -139 - m. What is the units digit of d?
5
Suppose 8*x = 7*x - 42. What is the units digit of x*((-22)/(-6) - 5)?
6
Let v = -6629 - -9850. What is the thousands digit of v?
3
Let k(l) be the first derivative of l**3 - 9*l**2/2 + 6*l - 7. What is the tens digit of k(6)?
6
Suppose 2*l - 4*p + 148 = -p, -5*p = -4*l - 294. What is the units digit of (-5)/(4 - -1) - l?
0
Suppose -19*l + 15*l + 48 = 0. Let x = -9 + l. Suppose -185 = -3*n - m, -x*n + 154 + 29 = 3*m. What is the units digit of n?
2
Suppose 5*w - 2821 = -16*a + 15*a, -w - a + 565 = 0. What is the units digit of w?
4
Let d = -2114 + 3946. What is the hundreds digit of d?
8
Let u(v) = -v**3 + 9*v**2 + 12. What is the units digit of u(-5)?
2
Let y(n) = -n + 13. Let j be y(-10). Let z = -21 + j. What is the units digit of z?
2
Suppose -910 = -5*m + s - 6*s, -5*m - 3*s + 910 = 0. Suppose -4*w = r - 506, -r - m = -4*w + 328. What is the hundreds digit of w?
1
Let i(f) = 3*f**2 - 4*f - 20. What is the tens digit of i(-3)?
1
Let r(w) = -w**2 + 19*w - 32. Let g be r(17). Suppose 2*q + 74 = g*c, -2*c + 3*c - 37 = -2*q. What is the units digit of c?
7
What is the hundreds digit of (-4420)/(-35) + (-7 - (-282)/42)?
1
Let q(u) be the first derivative of -3*u**2/2 + 7*u - 6. What is the units digit of q(-4)?
9
Let s = 135 + -92. Suppose 2*p = p - 2*a + s, 0 = 4*p + 3*a - 167. Suppose 0 = -m - 5*z + 3, 5*m = -4*z + 37 + p. What is the units digit of m?
8
Let m(c) be the second derivative of c**4/12 + 5*c**3/6 + 5*c**2 - 14*c. What is the tens digit of m(8)?
1
Let r = -46 - -49. Suppose -2*c = -2*k + 156, 2*c = -r*k - c + 210. What is the tens digit of k?
7
Let u = -679 + -10. Let a = -397 - u. What is the tens digit of a?
9
Suppose 15*d - 4*o - 2626 = 13*d, 3*d + 2*o = 3971. What is the hundreds digit of d?
3
Let i = -414 + 976. What is the tens digit of i?
6
Let c(y) = -y**3 + 3*y**2 - y + 1. Let u be 12/10*10/3. Let h be c(u). Let i = 4 - h. What is the units digit of i?
3
Let t(m) = -8*m + 19. What is the units digit of t(-1)?
7
Let u = -43 + 43. Suppose 0 = 2*l - 2*y - 446, 4*l - l - 4*y - 674 = u. What is the units digit of l?
8
Suppose 346 - 14 = 4*o. Suppose z - 13 = -0*u - 3*u, 3*z - 2*u - o = 0. What is the tens digit of (-6)/(-4)*(z + -3)?
3
Let t(d) = -3*d**2 + 1. Let s(f) = -4*f**2 + f + 2. Let z(v) = -6*s(v) + 5*t(v). What is the units digit of z(-2)?
1
Let i(k) = k**2 - 6*k - 3. Let p = 23 + -16. Let s be i(p). What is the tens digit of s/4*4*7?
2
Let f(p) = 6*p**2 + 6*p + 1. Let b(a) = 6*a**2 + 5*a. Let u(q) = 5*b(q) - 4*f(q). Let w be u(4). Let n = w + -58. What is the units digit of n?
8
Let n = 794 - 201. What is the hundreds digit of n?
5
Let t be 25/4 - 6 - (-1294)/8. Let d = 279 - t. What is the units digit of d?
7
Suppose -2*x = 4*n - 20, 4*x - 3 = 4*n + 1. Let s be (x/(-6))/((-6)/117). Let v = 40 - s. What is the tens digit of v?
2
Suppose 4*r - 20 + 5 = 5*x, 2*x = 2*r - 6. Let k(z) = -2*z**3 - 4*z**2 + 2*z + 6. Let b be k(x). Let g = b - 14. What is the units digit of g?
4
Suppose -44 - 41 = 5*g. Let t = g - -6. Let h = t + 18. What is the units digit of h?
7
Suppose -2 - 14 = -4*y. Suppose -4*q - q = -a + 44, -y*q = 4*a - 152. What is the units digit of a?
9
Let d(t) = 143*t - 466. What is the tens digit of d(9)?
2
Let n be 2/(-4)*-62 + -3. Suppose -k + 3*k + 5*d - n = 0, -24 = -5*k - d. Suppose 0 = -k*c - c + 5*h, c + 6 = 4*h. What is the units digit of c?
2
Suppose -4*d - 11 + 43 = 0. Let i(r) = -2*r + 22. Let l be i(6). What is the units digit of ((-8)/l)/(d/(-40))?
4
Let n be (-8 + -2)/(1 - 3). Let a(h) = -3 - 11*h + 12 - h**2 + 0 + n. What is the tens digit of a(-10)?
2
Suppose -7*m = -13*m + 204. Suppose -5*o + 1 = -104. Let f = m - o. What is the units digit of f?
3
Suppose -823 - 2009 = -12*s. What is the tens digit of s?
3
Let y(r) = -19*r**3 - 4*r**2 - 4*r + 2. Let m be y(-2). Suppose -6*j + m + 10 = 0. What is the units digit of 1 + j + 3 + -1?
9
Let x(a) = 7*a + 1. Let c be x(4). Let o(f) = 2*f - 22. Let r be o(8). Let b = r + c. What is the units digit of b?
3
Let j(t) = t**3 - 6*t**2 - 2*t + 3. Let d be j(6). Let x = 12 + d. What is the units digit of -1*(63/(-3) + x)?
8
Let t(l) = -25 + 54 + 2*l - l. Let s be t(-13). Suppose -2*h + 44 = -s. What is the tens digit of h?
3
Suppose 54*o = 119388 - 5016. What is the units digit of o?
8
Let y be ((-56)/(-6) + 2)*9/1. Suppose -2*d + 4 = 0, b + 4*d - y - 99 = 0. What is the hundreds digit of b?
1
Suppose -4*x - 34 = x - 2*s, 0 = -3*x - 2*s - 14. Let r be 6 + (x - (-8)/4). Suppose r*l = -4*l + 216. What is the tens digit of l?
3
Suppose 26*i - 15859 = 37857. What is the hundreds digit of i?
0
What is the units digit of 2/(342/(-38494)*4/(-18))?
3
Suppose -4*q - 31 = -2*o + q, -3*o - 3*q + 57 = 0. Let j(u) = 3*u + 3. Let a be j(-2). Let f = o - a. What is the units digit of f?
1
Suppose u = 4*u - 72. What is the units digit of u?
4
Let y = 138 - 21. What is the tens digit of y?
1
Let x(s) = -s - 92. Let v be x(0). Suppose -5*o = -q - 806, 18*q = 15*q - 3. Let y = v + o. What is the tens digit of y?
6
Let i(u) = -25*u - 47. What is the hundreds digit of i(-13)?
2
Let d = 47 - 28. Let v = d - 14. Suppose 44 = v*o - 96. What is the units digit of o?
8
Let b be ((-80)/(-25))/(0 + 2/5). Suppose -4*o = -6*o + b. What is the units digit of o?
4
Let a(h) = -h**3 - 13*h**2 - 25*h + 41. What is the units digit of a(-12)?
7
Let l(s) = -50*s**3 + 3*s**2 - 6. What is the hundreds digit of l(-3)?
3
Let p(h) = 3 + 5 + 0*h - h**2 + 3*h - 5. Let o be p(3). What is the units digit of 27/o - 0/2?
9
Let v = 619 - -266. What is the units digit of v?
5
Let d(f) = -f**3 - 11*f**2 + 12*f + 8. Let u be d(-12). Let r(o) = -o**3 + 10*o**2 - 7*o + 16. What is the tens digit of r(u)?
8
Let k(n) = 17*n + 869. What is the units digit of k(-36)?
7
Let w(y) = -116*y - 24. What is the units digit of w(-2)?
8
Suppose 2*a - 3*w + 36 = 0, -4*a - 5*w + 22 = 72. What is the tens digit of 6*a/18*-9?
4
Let l = 3 + 0. Let a(o) = -o**2 - 22*o**l + o + 3*o**2 + 5*o**2 - 6*o**2. What is the units digit of a(-1)?
2
Let w(p) = 2*p - 3. Let o(i) = -i**2 + 8*i + 13. Let s be o(9). Let d be w(s). Suppose 0*t - d*t = -3*c - 88, t - 3*c - 20 = 0. What is the units digit of t?
7
Let k(g) = 3*g**2 + 2*g - 6. Let r(q) = -q**2 - 11*q - 22. Let z be r(-7). What is the hundreds digit of k(z)?
1
Let n = -60 - -23. Let p = -29 - n. What is the units digit of p?
8
Suppose 0*i + i - u = 301, -4 = u. What is the units digit of i?
7
Let p(t) = -49*t - 80. What is the units digit of p(-12)?
8
Suppose 0 = -10*s + 12*s - 618. What is the tens digit of s?
0
Suppose 5*i + 2*u - 185 = 0, -5*u - 3